is the tens digit of 183564?
6
What is the millions digit of 2956117?
2
What is the ten thousands digit of 269619?
6
What is the units digit of 164770?
0
What is the hundreds digit of 18574491?
4
What is the ten thousands digit of 113125?
1
What is the thousands digit of 7525936?
5
What is the thousands digit of 384693?
4
What is the thousands digit of 222948?
2
What is the millions digit of 13909327?
3
What is the units digit of 60600?
0
What is the ten thousands digit of 5688891?
8
What is the thousands digit of 588948?
8
What is the ten thousands digit of 4495496?
9
What is the millions digit of 7089446?
7
What is the millions digit of 3033312?
3
What is the hundreds digit of 3220841?
8
What is the thousands digit of 8887576?
7
What is the tens digit of 96029?
2
What is the ten thousands digit of 2065309?
6
What is the ten thousands digit of 820687?
2
What is the tens digit of 2106904?
0
What is the tens digit of 199702?
0
What is the hundred thousands digit of 499788?
4
What is the tens digit of 455762?
6
What is the units digit of 649515?
5
What is the millions digit of 39763308?
9
What is the ten thousands digit of 63465?
6
What is the tens digit of 1568441?
4
What is the tens digit of 114905?
0
What is the tens digit of 1574423?
2
What is the hundreds digit of 714523?
5
What is the hundreds digit of 172115?
1
What is the ten thousands digit of 2970571?
7
What is the millions digit of 13964291?
3
What is the hundred thousands digit of 644956?
6
What is the hundreds digit of 16152477?
4
What is the thousands digit of 838041?
8
What is the tens digit of 277406?
0
What is the millions digit of 4422350?
4
What is the hundreds digit of 4774?
7
What is the tens digit of 188956?
5
What is the hundreds digit of 469183?
1
What is the units digit of 11021572?
2
What is the units digit of 29767678?
8
What is the millions digit of 7262410?
7
What is the units digit of 70237?
7
What is the ten thousands digit of 1239563?
3
What is the hundred thousands digit of 285029?
2
What is the ten thousands digit of 3749191?
4
What is the ten thousands digit of 1227549?
2
What is the ten thousands digit of 458531?
5
What is the tens digit of 221481?
8
What is the hundreds digit of 1029186?
1
What is the ten thousands digit of 221151?
2
What is the hundreds digit of 289843?
8
What is the ten thousands digit of 15266231?
6
What is the thousands digit of 162237?
2
What is the tens digit of 165213?
1
What is the hundred thousands digit of 904050?
9
What is the hundreds digit of 5201169?
1
What is the tens digit of 297331?
3
What is the hundreds digit of 134577?
5
What is the hundred thousands digit of 7308842?
3
What is the thousands digit of 199651?
9
What is the hundred thousands digit of 811926?
8
What is the units digit of 442895?
5
What is the hundred thousands digit of 10035596?
0
What is the hundred thousands digit of 100210?
1
What is the hundreds digit of 11211661?
6
What is the thousands digit of 983405?
3
What is the tens digit of 32415653?
5
What is the tens digit of 114912?
1
What is the tens digit of 16178411?
1
What is the millions digit of 2694965?
2
What is the hundreds digit of 462300?
3
What is the ten thousands digit of 279727?
7
What is the hundred thousands digit of 1991470?
9
What is the tens digit of 337538?
3
What is the hundred thousands digit of 17372829?
3
What is the thousands digit of 219309?
9
What is the hundred thousands digit of 158174?
1
What is the hundreds digit of 392432?
4
What is the ten thousands digit of 429986?
2
What is the hundreds digit of 256333?
3
What is the units digit of 105200?
0
What is the thousands digit of 412729?
2
What is the hundreds digit of 58046?
0
What is the ten millions digit of 22850899?
2
What is the ten thousands digit of 8363241?
6
What is the units digit of 225530?
0
What is the thousands digit of 7704822?
4
What is the ten thousands digit of 13946724?
4
What is the units digit of 950198?
8
What is the ten thousands digit of 378654?
7
What is the hundred thousands digit of 233102?
2
What is the millions digit of 4032350?
4
What is the ten millions digit of 11313297?
1
What is the millions digit of 17693284?
7
What is the hundred thousands digit of 19237329?
2
What is the thousands digit of 214662?
4
What is the units digit of 18304609?
9
What is the tens digit of 323822?
2
What is the ten thousands digit of 4684317?
8
What is the ten thousands digit of 247706?
4
What is the units digit of 4856863?
3
What is the millions digit of 4357675?
4
What is the hundred thousands digit of 444961?
4
What is the millions digit of 39434188?
9
What is the units digit of 90620?
0
What is the tens digit of 291838?
3
What is the thousands digit of 1992982?
2
What is the ten millions digit of 39607534?
3
What is the thousands digit of 801510?
1
What is the thousands digit of 135336?
5
What is the units digit of 259414?
4
What is the millions digit of 9693884?
9
What is the ten thousands digit of 12299852?
9
What is the hundreds digit of 628470?
4
What is the ten thousands digit of 274747?
7
What is the millions digit of 1076192?
1
What is the millions digit of 11948948?
1
What is the hundreds digit of 194422?
4
What is the hundred thousands digit of 1606641?
6
What is the hundred thousands digit of 5953600?
9
What is the tens digit of 10312744?
4
What is the millions digit of 4800724?
4
What is the units digit of 295332?
2
What is the tens digit of 888059?
5
What is the ten thousands digit of 129533?
2
What is the units digit of 1469884?
4
What is the units digit of 6763?
3
What is the millions digit of 1330396?
1
What is the units digit of 11361130?
0
What is the units digit of 4472918?
8
What is the thousands digit of 6923849?
3
What is the tens digit of 4898304?
0
What is the millions digit of 26262183?
6
What is the units digit of 4168236?
6
What is the thousands digit of 13616202?
6
What is the units digit of 270587?
7
What is the thousands digit of 282656?
2
What is the ten thousands digit of 148911?
4
What is the thousands digit of 1005660?
5
What is the hundred thousands digit of 346804?
3
What is the tens digit of 643319?
1
What is the hundred thousands digit of 277749?
2
What is the units digit of 34201476?
6
What is the millions digit of 3136549?
3
What is the hundred thousands digit of 3752474?
7
What is the millions digit of 28936731?
8
What is the thousands digit of 700384?
0
What is the tens digit of 137422?
2
What is the hundreds digit of 72575?
5
What is the ten thousands digit of 4751935?
5
What is the thousands digit of 51513?
1
What is the units digit of 166131?
1
What is the ten thousands digit of 2020713?
2
What is the hundreds digit of 139602?
6
What is the tens digit of 169917?
1
What is the thousands digit of 7175141?
5
What is the thousands digit of 92114?
2
What is the units digit of 55248?
8
What is the ten thousands digit of 344244?
4
What is the hundred thousands digit of 5565692?
5
What is the hundreds digit of 3732842?
8
What is the units digit of 1230475?
5
What is the ten thousands digit of 11918298?
1
What is the units digit of 15298065?
5
What is the hundreds digit of 14055954?
9
What is the tens digit of 512467?
6
What is the ten thousands digit of 13013789?
1
What is the tens digit of 659375?
7
What is the tens digit of 259356?
5
What is the tens digit of 14150089?
8
What is the ten thousands digit of 1358884?
5
What is the ten thousands digit of 8917989?
1
What is the units digit of 1203338?
8
What is the hundreds digit of 310982?
9
What is the ten thousands digit of 245039?
4
What is the hundreds digit of 3356287?
2
What is the tens digit of 685946?
4
What is the tens digit of 9043598?
9
What is the millions digit of 2900463?
2
What is the thousands digit of 4424837?
4
What is the hundreds digit of 222159?
1
What is the thousands digit of 266789?
6
What is the units digit of 1339062?
2
What is the hundreds digit of 19015315?
3
What is the ten thousands digit of 30483789?
8
What is the ten thousands digit of 4053530?
5
What is the tens digit of 477482?
8
What is the units digit of 14213049?
9
What is the tens digit of 295407?
0
What is the hundreds digit of 1818725?
7
What is the ten thousands digit of 126126?
2
What is the units digit of 22662413?
3
What is the units dig